{"id":699,"date":"2012-02-19T12:54:09","date_gmt":"2012-02-19T11:54:09","guid":{"rendered":"http:\/\/naturheilpraxis-soegil.de\/?page_id=699"},"modified":"2018-06-18T16:01:53","modified_gmt":"2018-06-18T14:01:53","slug":"blutegelbehandlung","status":"publish","type":"page","link":"https:\/\/naturheilpraxis-soegil.de\/?page_id=699","title":{"rendered":"Blutegelbehandlung"},"content":{"rendered":"<p><span style=\"font-size: 14pt; color: #008000;\"><strong>Was versteht man unter Blutegelbehandlung?<\/strong><\/span><\/p>\n<p><span style=\"font-size: 12pt;\"><strong><span style=\"color: #008000;\"><span style=\"font-family: georgia, palatino, serif; font-size: 14pt;\">Kleiner Biss mit gro\u00dfer Wirkung.<\/span><br \/>\n<\/span><\/strong><\/span><\/p>\n<p><span style=\"font-size: 12pt;\">Es ist eine blutentziehende, ausleitende Behandlungsmethode. Der Blutegel wirkt \u00f6rtlich aber auch auf den gesamten Organismus. \u00d6rtlich hemmt er die Blutgerinnung, beschleunigt den Lymphstrom, wirkt Gerinnselbildung entgegen und ist entz\u00fcndungswidrig.<\/span><\/p>\n<p><span style=\"color: #008000; font-size: 14pt;\"><strong>Wie geht die Behandlung vor sich?<\/strong><\/span><\/p>\n<p><figure id=\"attachment_819\" aria-describedby=\"caption-attachment-819\" style=\"width: 140px\" class=\"wp-caption alignright\"><img loading=\"lazy\" decoding=\"async\" class=\"size-thumbnail wp-image-819\" title=\"IMG_7749 [800x600]\" src=\"https:\/\/naturheilpraxis-soegil.de\/wp-content\/uploads\/2012\/02\/IMG_7749-800x600-150x150.jpg\" alt=\"\" width=\"150\" height=\"150\" \/><figcaption id=\"caption-attachment-819\" class=\"wp-caption-text\"><span style=\"font-size: 12pt;\">Ansetzen von Blutegeln<\/span><\/figcaption><\/figure><span style=\"font-size: 12pt;\">\u00a0Zwischen 2 und 10 Blutegel werden auf die zu behandelnden Hautstellen aufgelegt; der Biss wird wie einen M\u00fcckenstich und anschlie\u00dfend kurz als leichtes Brennen wahrgenommen und hinterl\u00e4sst eine dreieckige Wunde (wie ein Mercedes Stern).<\/span><\/p>\n<p><span style=\"font-size: 12pt;\">Nach dem Abfallen des Blutegels sickert bis zu 12 Stunden Blut nach (in seltenen F\u00e4llen auch ein bisschen l\u00e4nger), da der Blutegel den Blutgerinnung hemmenden Stoff, das Hirudin in den K\u00f6rper bringt.<\/span><\/p>\n<p><span style=\"font-size: 12pt;\">Das lange Nachbluten ist f\u00fcr den Erfolg der Behandlung und die Reinigung der Wunde wichtig.<\/span><\/p>\n<p><span style=\"font-size: 12pt;\">Ein Blutegel saugt ca. 3-6 ml Blut, das Nachbluten bel\u00e4uft sich auf 20-30 ml. Die Wunde werde ich verbinden und Sie bekommen Verbandsmaterial zum Wechseln mit nach Hause. (damit Sie ihren Verband wechseln k\u00f6nnen.)<\/span><\/p>\n<p><span style=\"font-size: 12pt;\">Den Tag danach kommen Sie in meine Praxis zum Verbandswechsel und Kontrolle.<\/span><\/p>\n<p><span style=\"color: #008000; font-size: 14pt;\"><strong>Was enth\u00e4lt der Speichel des Blutegels?<\/strong><\/span><\/p>\n<p><span style=\"font-size: 12pt;\">Der Blutegelspeichel besteht wahrscheinlich aus mehr als 100 bioaktiven Substanzen, wovon heute nur knapp 25 bekannt sind. Die bekanntesten sind: Hirudin (hemmt die Blutgerinnung st\u00e4rker als Heparin), Eglin (entz\u00fcndungshemmend), Hyaluronidase (l\u00f6st das Bindegewebe auf), Calin (hemmt die Aggregation der Thromozyten und verursacht die lange Nachblutung), Destabilase M (l\u00f6st Blutgerinnung), Destabilase L (wirkt antibiotisch), usw.<\/span><\/p>\n<p><span style=\"color: #008000; font-size: 14pt;\"><strong>Was kann als Folge einer Blutegelbehandlung auftreten?<\/strong><\/span><\/p>\n<p><span style=\"font-size: 12pt;\">Nach der Behandlung kann es 2-4 Tage zu Juckreiz mit Verf\u00e4rbung rund um die Bissstelle kommen. Dies ist eine normale Reaktion des K\u00f6rpers und klingt wieder ab. Auch kann sich an der Bissstelle eine kleine juckende Entz\u00fcndung (wie ein Pickel) \u00fcber einige Tage zeigen. Sie k\u00f6nnen diese Stellen mit verd\u00fcnntem Essigwasser betupfen, Ringelblumensalbe einreiben oder mit Quarkauflage \u00fcber Nacht behandeln. In keinem Falle darf an der Wunde gekratzt werden.<\/span><br \/>\n<span style=\"font-size: 12pt;\">Jeder Blutegel kommt prinzipiell nur 1 Mal zur Anwendung. Ich bestelle die Blutegel in der <a href=\"http:\/\/www.blutegel.de\/egel\/opencms\/de\/blutegel_de\/\" target=\"_blank\" rel=\"noopener\">Biebertaler Blutegelzucht<\/a> GmbH\u00a0\u00a0 wo diese ausschlie\u00dflich f\u00fcr medizinische Zwecke gez\u00fcchtet werden. Unter diesem Link k\u00f6nnen Sie auch weitere Informationen finden.<\/span><\/p>\n<p><span style=\"color: #008000; font-size: 14pt;\"><strong>Diese Therapie ist f\u00fcr Sie nur bedingt oder nicht geeignet wenn:<\/strong><\/span><\/p>\n<ul style=\"list-style-type: disc;\">\n<li><span style=\"font-size: 12pt;\">Sie blutverd\u00fcnnende Medikamente einnehmen (z.B.: Marcumar, Sintrom)<\/span><\/li>\n<li><span style=\"font-size: 12pt;\">Sie Bluter sind oder Blutgerinnungsst\u00f6rungen haben (z.B.: Diabetiker)<\/span><\/li>\n<li><span style=\"font-size: 12pt;\">Eine Operation oder eine Geburt bevorsteht<\/span><\/li>\n<li><span style=\"font-size: 12pt;\">Sie an einem Magen- oder Zw\u00f6lffingerdarmgeschw\u00fcr leiden<\/span><\/li>\n<\/ul>\n<p><span style=\"font-size: 12pt;\">Innerhalb von 3 Tagen vor einem operativen Eingriff oder einer Zahnentfernung darf ebenfalls kein Blutegel angesetzt werden.<\/span><\/p>\n<p><span style=\"font-size: 14pt;\"><strong><span style=\"color: #008000;\">K\u00f6nnen Blutegel mehrmals gebraucht werden?<\/span><\/strong><\/span><\/p>\n<p><span style=\"font-size: 12pt;\">Wegen der \u00dcbertragungsgefahr von infekti\u00f6sen Krankheiten ist es nicht zul\u00e4ssig, den gleichen Blutegel an mehreren Patienten anzusetzen. Auch wenn der Blutegel zwischen den Behandlungen mehrere Monate fastet.<\/span><\/p>\n<p><span style=\"font-size: 12pt;\">Unsere Lieferanten k\u00f6nnen uns garantieren, dass die Blutegel, welche wir anbieten, noch nie an Menschen gebissen haben.<\/span><\/p>\n<p><!--<a href=\"http:\/\/www.blutegel.de\/therapie\/forums\/show\/6.page\" target=\"_blank\" rel=\"noopener\">Direktlink<\/a> zu Fragen und Antworten rund um Blutegeltherapie--><\/p>\n<p><span style=\"font-size: 14pt;\"><a title=\"Blutegeltherapie\" href=\"http:\/\/naturheilpraxis-soegil.de\/therapie\/blutegeltherapie\/\"><strong>zur\u00fcck<\/strong><\/a><\/span><\/p>\n<p>&nbsp;<\/p>\n","protected":false},"excerpt":{"rendered":"<p>Was versteht man unter Blutegelbehandlung? Kleiner Biss mit gro\u00dfer Wirkung. Es ist eine blutentziehende, ausleitende Behandlungsmethode. Der Blutegel wirkt \u00f6rtlich aber auch auf den gesamten Organismus. \u00d6rtlich hemmt er die Blutgerinnung, beschleunigt den Lymphstrom, wirkt Gerinnselbildung entgegen und ist entz\u00fcndungswidrig. Wie geht die Behandlung vor sich? \u00a0Zwischen 2 und 10 Blutegel werden auf die zu &#8230; <a title=\"Blutegelbehandlung\" class=\"read-more\" href=\"https:\/\/naturheilpraxis-soegil.de\/?page_id=699\" aria-label=\"Mehr Informationen \u00fcber Blutegelbehandlung\">Weiterlesen<\/a><\/p>\n","protected":false},"author":2,"featured_media":0,"parent":0,"menu_order":0,"comment_status":"closed","ping_status":"closed","template":"","meta":{"footnotes":""},"class_list":["post-699","page","type-page","status-publish"],"_links":{"self":[{"href":"https:\/\/naturheilpraxis-soegil.de\/index.php?rest_route=\/wp\/v2\/pages\/699","targetHints":{"allow":["GET"]}}],"collection":[{"href":"https:\/\/naturheilpraxis-soegil.de\/index.php?rest_route=\/wp\/v2\/pages"}],"about":[{"href":"https:\/\/naturheilpraxis-soegil.de\/index.php?rest_route=\/wp\/v2\/types\/page"}],"author":[{"embeddable":true,"href":"https:\/\/naturheilpraxis-soegil.de\/index.php?rest_route=\/wp\/v2\/users\/2"}],"replies":[{"embeddable":true,"href":"https:\/\/naturheilpraxis-soegil.de\/index.php?rest_route=%2Fwp%2Fv2%2Fcomments&post=699"}],"version-history":[{"count":28,"href":"https:\/\/naturheilpraxis-soegil.de\/index.php?rest_route=\/wp\/v2\/pages\/699\/revisions"}],"predecessor-version":[{"id":1281,"href":"https:\/\/naturheilpraxis-soegil.de\/index.php?rest_route=\/wp\/v2\/pages\/699\/revisions\/1281"}],"wp:attachment":[{"href":"https:\/\/naturheilpraxis-soegil.de\/index.php?rest_route=%2Fwp%2Fv2%2Fmedia&parent=699"}],"curies":[{"name":"wp","href":"https:\/\/api.w.org\/{rel}","templated":true}]}}